{"id":236,"date":"2024-06-26T23:52:02","date_gmt":"2024-06-26T23:52:02","guid":{"rendered":"https:\/\/patriciosobarzo.cl\/?page_id=236"},"modified":"2024-08-24T20:18:42","modified_gmt":"2024-08-24T20:18:42","slug":"contacto","status":"publish","type":"page","link":"https:\/\/patriciosobarzo.cl\/index.php\/contacto\/","title":{"rendered":"Contacto"},"content":{"rendered":"\n<div class=\"wp-block-uagb-container uagb-block-cde3c7be alignfull uagb-is-root-container\"><div class=\"uagb-container-inner-blocks-wrap\">\n<figure class=\"wp-block-image aligncenter size-full\"><img fetchpriority=\"high\" decoding=\"async\" width=\"493\" height=\"222\" src=\"https:\/\/patriciosobarzo.cl\/wp-content\/uploads\/2024\/07\/Contacto-3.jpg\" alt=\"\" class=\"wp-image-796\" srcset=\"https:\/\/patriciosobarzo.cl\/wp-content\/uploads\/2024\/07\/Contacto-3.jpg 493w, https:\/\/patriciosobarzo.cl\/wp-content\/uploads\/2024\/07\/Contacto-3-300x135.jpg 300w\" sizes=\"(max-width: 493px) 100vw, 493px\" \/><\/figure>\n\n\n\n<div class=\"wp-block-uagb-info-box uagb-block-5d7a0988 uagb-infobox__content-wrap  uagb-infobox-icon-above-title uagb-infobox-image-valign-top wp-block-uagb-info-box--has-margin\"><div class=\"uagb-infobox-margin-wrapper\"><div class=\"uagb-ifb-content\"><div class=\"uagb-ifb-title-wrap\"><\/div><p class=\"uagb-ifb-desc\"><br><strong>Si su consulta est\u00e1 relacionada con peritaje psicol\u00f3gico, escriba directamente al correo contacto@patriciosobarzo.cl o llame al +569 8713 12 52<\/strong><br><br><strong>IMPORTANTE:<\/strong> El calendario que se muestra a continuaci\u00f3n corresponde al huso horario de la ciudad de <strong>SANTIAGO DE CHILE<\/strong><\/p><\/div><\/div><\/div>\n\n\n\n<div class=\"wp-block-uagb-container uagb-block-f2b55a92\">\n<div class=\"wp-block-amelia-step-booking-gutenberg-block\">\n<script>\n  if (typeof hasAmeliaEntitiesApiCall === 'undefined' && ('' === '' && '' !== '1')) {\n    var hasAmeliaEntitiesApiCall = true;\n  }\n  var ameliaShortcodeData = (typeof ameliaShortcodeData === 'undefined') ? [] : ameliaShortcodeData;\n  ameliaShortcodeData.push(\n    {\n      'hasApiCall': (typeof hasAmeliaEntitiesApiCall !== 'undefined') && hasAmeliaEntitiesApiCall,\n      'trigger': '',\n      'trigger_type': '',\n      'triggered_form': 'sbsNew',\n      'in_dialog': '',\n      'show': '',\n      'counter': '1000',\n      'category': '',\n      'service': '',\n      'employee': '',\n      'location': '',\n      'package': '',\n      'layout': '',\n    }\n  );\n\n  var ameliaShortcodeDataTriggered = (typeof ameliaShortcodeDataTriggered === 'undefined') ? [] : ameliaShortcodeDataTriggered;\n  if (ameliaShortcodeData[ameliaShortcodeData.length - 1].trigger !== '') {\n    if (ameliaShortcodeDataTriggered.filter(a => a.counter === ameliaShortcodeData[ameliaShortcodeData.length - 1].counter).length === 0) {\n      ameliaShortcodeDataTriggered.push(ameliaShortcodeData.pop());\n    } else {\n      ameliaShortcodeData.pop()\n    }\n  }\n  if (typeof hasAmeliaEntitiesApiCall !== 'undefined' && hasAmeliaEntitiesApiCall) {\n    hasAmeliaEntitiesApiCall = false;\n  }\n<\/script>\n\n<div\n  id=\"amelia-v2-booking-1000\"\n  class=\"amelia-v2-booking\"\n >\n    <step-form-wrapper><\/step-form-wrapper><\/div>\n<\/div>\n<\/div>\n<\/div><\/div>\n\n\n\n<div class=\"wp-block-uagb-container uagb-block-9c7044ff alignfull uagb-is-root-container\"><div class=\"uagb-container-inner-blocks-wrap\">\n<div class=\"wp-block-uagb-info-box uagb-block-f9d9f83e uagb-infobox__content-wrap  uagb-infobox-icon-above-title uagb-infobox-image-valign-top\"><div class=\"uagb-ifb-content\"><div class=\"uagb-ifb-title-wrap\"><\/div><p class=\"uagb-ifb-desc\"><strong>Cabe recordar que las boletas de honorarios por concepto de atenci\u00f3n psicol\u00f3gica pueden ser reembolsadas en las distintas ISAPRES seg\u00fan las condiciones de su plan de salud.<\/strong><br><\/p><\/div><\/div>\n<\/div><\/div>\n\n\n\n<div class=\"wp-block-uagb-container uagb-block-b3188292 default uagb-is-root-container\">\n<div class=\"wp-block-uagb-container uagb-block-3ab676c8\">\n<figure class=\"wp-block-image size-full\"><a href=\"https:\/\/www.nuevamasvida.cl\/\"><img decoding=\"async\" width=\"800\" height=\"200\" src=\"https:\/\/patriciosobarzo.cl\/wp-content\/uploads\/2024\/07\/Nueva-mas-vida.jpeg\" alt=\"\" class=\"wp-image-804\" srcset=\"https:\/\/patriciosobarzo.cl\/wp-content\/uploads\/2024\/07\/Nueva-mas-vida.jpeg 800w, https:\/\/patriciosobarzo.cl\/wp-content\/uploads\/2024\/07\/Nueva-mas-vida-300x75.jpeg 300w, https:\/\/patriciosobarzo.cl\/wp-content\/uploads\/2024\/07\/Nueva-mas-vida-768x192.jpeg 768w\" sizes=\"(max-width: 800px) 100vw, 800px\" \/><\/a><\/figure>\n<\/div>\n\n\n\n<div class=\"wp-block-uagb-container uagb-block-a66caed5\">\n<figure class=\"wp-block-image size-full\"><a href=\"https:\/\/www.colmena.cl\/\"><img decoding=\"async\" width=\"594\" height=\"148\" src=\"https:\/\/patriciosobarzo.cl\/wp-content\/uploads\/2024\/07\/Colmena.jpg\" alt=\"\" class=\"wp-image-805\" srcset=\"https:\/\/patriciosobarzo.cl\/wp-content\/uploads\/2024\/07\/Colmena.jpg 594w, https:\/\/patriciosobarzo.cl\/wp-content\/uploads\/2024\/07\/Colmena-300x75.jpg 300w\" sizes=\"(max-width: 594px) 100vw, 594px\" \/><\/a><\/figure>\n<\/div>\n\n\n\n<div class=\"wp-block-uagb-container uagb-block-6dfa7ea0\">\n<figure class=\"wp-block-image size-full\"><a href=\"https:\/\/www.cruzblanca.cl\/\"><img loading=\"lazy\" decoding=\"async\" width=\"500\" height=\"135\" src=\"https:\/\/patriciosobarzo.cl\/wp-content\/uploads\/2024\/07\/Cruz-Blanca.png\" alt=\"\" class=\"wp-image-806\" srcset=\"https:\/\/patriciosobarzo.cl\/wp-content\/uploads\/2024\/07\/Cruz-Blanca.png 500w, https:\/\/patriciosobarzo.cl\/wp-content\/uploads\/2024\/07\/Cruz-Blanca-300x81.png 300w\" sizes=\"(max-width: 500px) 100vw, 500px\" \/><\/a><\/figure>\n<\/div>\n\n\n\n<div class=\"wp-block-uagb-container uagb-block-b37a0ee6\">\n<figure class=\"wp-block-image size-full\"><a href=\"https:\/\/www.banmedica.cl\/\"><img loading=\"lazy\" decoding=\"async\" width=\"480\" height=\"126\" src=\"https:\/\/patriciosobarzo.cl\/wp-content\/uploads\/2024\/07\/banmedica-logo.png\" alt=\"\" class=\"wp-image-807\" srcset=\"https:\/\/patriciosobarzo.cl\/wp-content\/uploads\/2024\/07\/banmedica-logo.png 480w, https:\/\/patriciosobarzo.cl\/wp-content\/uploads\/2024\/07\/banmedica-logo-300x79.png 300w\" sizes=\"(max-width: 480px) 100vw, 480px\" \/><\/a><\/figure>\n<\/div>\n\n\n\n<div class=\"wp-block-uagb-container uagb-block-f96d29e2\">\n<figure class=\"wp-block-image size-full\"><a href=\"https:\/\/www.consalud.cl\/index.html\"><img loading=\"lazy\" decoding=\"async\" width=\"525\" height=\"138\" src=\"https:\/\/patriciosobarzo.cl\/wp-content\/uploads\/2024\/07\/consalud.png\" alt=\"\" class=\"wp-image-808\" srcset=\"https:\/\/patriciosobarzo.cl\/wp-content\/uploads\/2024\/07\/consalud.png 525w, https:\/\/patriciosobarzo.cl\/wp-content\/uploads\/2024\/07\/consalud-300x79.png 300w\" sizes=\"(max-width: 525px) 100vw, 525px\" \/><\/a><\/figure>\n<\/div>\n\n\n\n<div class=\"wp-block-uagb-container uagb-block-d0a562ed\">\n<figure class=\"wp-block-image size-full\"><a href=\"https:\/\/www.vidatres.cl\/\"><img loading=\"lazy\" decoding=\"async\" width=\"525\" height=\"138\" src=\"https:\/\/patriciosobarzo.cl\/wp-content\/uploads\/2024\/07\/vidatres.png\" alt=\"\" class=\"wp-image-809\" srcset=\"https:\/\/patriciosobarzo.cl\/wp-content\/uploads\/2024\/07\/vidatres.png 525w, https:\/\/patriciosobarzo.cl\/wp-content\/uploads\/2024\/07\/vidatres-300x79.png 300w\" sizes=\"(max-width: 525px) 100vw, 525px\" \/><\/a><\/figure>\n<\/div>\n<\/div>\n\n\n\n<p><\/p>\n","protected":false},"excerpt":{"rendered":"","protected":false},"author":1,"featured_media":0,"parent":0,"menu_order":0,"comment_status":"closed","ping_status":"closed","template":"","meta":{"_uag_custom_page_level_css":"","site-sidebar-layout":"default","site-content-layout":"","ast-site-content-layout":"default","site-content-style":"default","site-sidebar-style":"default","ast-global-header-display":"","ast-banner-title-visibility":"","ast-main-header-display":"","ast-hfb-above-header-display":"","ast-hfb-below-header-display":"","ast-hfb-mobile-header-display":"","site-post-title":"disabled","ast-breadcrumbs-content":"","ast-featured-img":"","footer-sml-layout":"","ast-disable-related-posts":"","theme-transparent-header-meta":"","adv-header-id-meta":"","stick-header-meta":"","header-above-stick-meta":"","header-main-stick-meta":"","header-below-stick-meta":"","astra-migrate-meta-layouts":"default","ast-page-background-enabled":"default","ast-page-background-meta":{"desktop":{"background-color":"var(--ast-global-color-4)","background-image":"","background-repeat":"repeat","background-position":"center center","background-size":"auto","background-attachment":"scroll","background-type":"","background-media":"","overlay-type":"","overlay-color":"","overlay-opacity":"","overlay-gradient":""},"tablet":{"background-color":"","background-image":"","background-repeat":"repeat","background-position":"center center","background-size":"auto","background-attachment":"scroll","background-type":"","background-media":"","overlay-type":"","overlay-color":"","overlay-opacity":"","overlay-gradient":""},"mobile":{"background-color":"","background-image":"","background-repeat":"repeat","background-position":"center center","background-size":"auto","background-attachment":"scroll","background-type":"","background-media":"","overlay-type":"","overlay-color":"","overlay-opacity":"","overlay-gradient":""}},"ast-content-background-meta":{"desktop":{"background-color":"var(--ast-global-color-5)","background-image":"","background-repeat":"repeat","background-position":"center center","background-size":"auto","background-attachment":"scroll","background-type":"","background-media":"","overlay-type":"","overlay-color":"","overlay-opacity":"","overlay-gradient":""},"tablet":{"background-color":"var(--ast-global-color-5)","background-image":"","background-repeat":"repeat","background-position":"center center","background-size":"auto","background-attachment":"scroll","background-type":"","background-media":"","overlay-type":"","overlay-color":"","overlay-opacity":"","overlay-gradient":""},"mobile":{"background-color":"var(--ast-global-color-5)","background-image":"","background-repeat":"repeat","background-position":"center center","background-size":"auto","background-attachment":"scroll","background-type":"","background-media":"","overlay-type":"","overlay-color":"","overlay-opacity":"","overlay-gradient":""}},"footnotes":""},"class_list":["post-236","page","type-page","status-publish","hentry"],"uagb_featured_image_src":{"full":false,"thumbnail":false,"medium":false,"medium_large":false,"large":false,"1536x1536":false,"2048x2048":false},"uagb_author_info":{"display_name":"admin","author_link":"https:\/\/patriciosobarzo.cl\/index.php\/author\/patriciosobarzo\/"},"uagb_comment_info":0,"uagb_excerpt":null,"_links":{"self":[{"href":"https:\/\/patriciosobarzo.cl\/index.php\/wp-json\/wp\/v2\/pages\/236","targetHints":{"allow":["GET"]}}],"collection":[{"href":"https:\/\/patriciosobarzo.cl\/index.php\/wp-json\/wp\/v2\/pages"}],"about":[{"href":"https:\/\/patriciosobarzo.cl\/index.php\/wp-json\/wp\/v2\/types\/page"}],"author":[{"embeddable":true,"href":"https:\/\/patriciosobarzo.cl\/index.php\/wp-json\/wp\/v2\/users\/1"}],"replies":[{"embeddable":true,"href":"https:\/\/patriciosobarzo.cl\/index.php\/wp-json\/wp\/v2\/comments?post=236"}],"version-history":[{"count":90,"href":"https:\/\/patriciosobarzo.cl\/index.php\/wp-json\/wp\/v2\/pages\/236\/revisions"}],"predecessor-version":[{"id":1147,"href":"https:\/\/patriciosobarzo.cl\/index.php\/wp-json\/wp\/v2\/pages\/236\/revisions\/1147"}],"wp:attachment":[{"href":"https:\/\/patriciosobarzo.cl\/index.php\/wp-json\/wp\/v2\/media?parent=236"}],"curies":[{"name":"wp","href":"https:\/\/api.w.org\/{rel}","templated":true}]}}